{"id":2,"date":"2022-07-12T09:34:36","date_gmt":"2022-07-12T09:34:36","guid":{"rendered":"https:\/\/dariorodriguezjimenez.es\/?page_id=2"},"modified":"2022-07-12T09:42:13","modified_gmt":"2022-07-12T09:42:13","slug":"sample-page","status":"publish","type":"page","link":"https:\/\/dariorodriguezjimenez.es\/?page_id=2","title":{"rendered":"Dar\u00edo Rodr\u00edguez Jim\u00e9nez"},"content":{"rendered":"\n<p>Hola, me llamo Dar\u00edo.<\/p>\n\n\n\n<p>Hoy voy a empezar un nuevo blog , en el que voy ha hablar sobre diferentes temas. Hoy voy a empezar con la t\u00edpica pregunta que te hacen , \u00bfQuien soy?.<\/p>\n\n\n\n<p>Yo soy un chaval de 13 para 14 a\u00f1os, soy del Sevilla y adem\u00e1s me encanta el futbol . Soy el t\u00edpico chaval que aparenta ser del chico que es muy bueno en comportamiento, no la l\u00eda en clase ,etc. Pero\u00a0 cuando no hay nadie vi\u00e9ndome me comporto como un loco, es decir , que alg\u00fan d\u00eda me cargo una puerta , otro le meto un pu\u00f1etazo a un chaval por la calle , ( bueno lo que hacen algunos que son un poco pirados \u00bfno?)\u00a0<\/p>\n\n\n\n<p>Voy a contar mi segunda experiencia en un campamento ( que la verdad me lo he pasado mejor que en la primera ) , el 1 de julio me fui de mi casa sobre las nueve ( mas o menos) . Cuando llegu\u00e9 pues ya reconoc\u00eda el sitio de a ver estado el a\u00f1o pasado , lo que no sab\u00eda es que hab\u00eda cola para entrar porque el a\u00f1o pasado hab\u00eda una cola , pues peque\u00f1a , pero este a\u00f1o hab\u00eda una cola larga , pero gracias a dios ( o sea que tuve suerte ) y mi madre se ten\u00eda que ir , y le dijo a una de las jefas del campamento que entrara de los primeros y pues entr\u00e9 deje el m\u00f3vil , me desped\u00ed de mis padres y de mi hermana , y entr\u00e9 la verdad es que este a\u00f1o no iba ha estar solo, porque mis amigos\/as iban a estar conmigo en mi habitaci\u00f3n\u00a0 (solo los ni\u00f1os) hab\u00edan otros chavales en la habitaci\u00f3n que en un principio no nos conoc\u00edamos , pero ten\u00edan pinta de ser unos con los que \u00edbamos a tener m\u00e1s cachondeo del que tra\u00edamos nosotros. Po despu\u00e9s de conocernos conocimos a uno de los mejores monitores que he tenido, era un chaval ( no me acuerdo de su edad) que era el t\u00edpico adolescente con el que puedes tener confianza as\u00ed que nos hicimos todos panas y lo pasamos muy bien.<\/p>\n\n\n\n<p>Mis gustos son muy variados, es decir , a m\u00ed me gusta escuchar m\u00fasica , un d\u00eda escucho un tipo , otro de otro tipo , etc. A mi me gusta el reggaeton , electr\u00f3nica, pop ,etc ; los videojuegos es otra cosa que me encanta , sobre todo cuando juego con amigos, juego a juegos de consola, de m\u00f3vil , de PC ; me gusta mucho hacer deporte , futbol , baloncesto , volleyball , tambi\u00e9n hacer ejercicio , es decir , pesas , correr , flexiones, etc ; me gusta ver pel\u00edculas , series , de muchos tipos , MARVEL , DC , acci\u00f3n , aventura , comedia ; me gusta ver streams de youtubers conocidos , por ejemplo los que juegan a videojuegos , veo a Ibai , Thegrefg , Ampeterby7 , Keroro , Auronplay , Kolderiu , Godeik , etc .\u00a0<\/p>\n","protected":false},"excerpt":{"rendered":"<p>Hola, me llamo Dar\u00edo. Hoy voy a empezar un nuevo blog , en el que voy ha hablar sobre diferentes temas. Hoy voy a empezar con la t\u00edpica pregunta que te hacen , \u00bfQuien soy?. Yo soy un chaval de 13 para 14 a\u00f1os, soy del Sevilla y adem\u00e1s me encanta el futbol . Soy [&hellip;]<\/p>\n","protected":false},"author":1,"featured_media":0,"parent":0,"menu_order":0,"comment_status":"closed","ping_status":"open","template":"","meta":{"footnotes":""},"class_list":["post-2","page","type-page","status-publish","hentry"],"_links":{"self":[{"href":"https:\/\/dariorodriguezjimenez.es\/index.php?rest_route=\/wp\/v2\/pages\/2","targetHints":{"allow":["GET"]}}],"collection":[{"href":"https:\/\/dariorodriguezjimenez.es\/index.php?rest_route=\/wp\/v2\/pages"}],"about":[{"href":"https:\/\/dariorodriguezjimenez.es\/index.php?rest_route=\/wp\/v2\/types\/page"}],"author":[{"embeddable":true,"href":"https:\/\/dariorodriguezjimenez.es\/index.php?rest_route=\/wp\/v2\/users\/1"}],"replies":[{"embeddable":true,"href":"https:\/\/dariorodriguezjimenez.es\/index.php?rest_route=%2Fwp%2Fv2%2Fcomments&post=2"}],"version-history":[{"count":3,"href":"https:\/\/dariorodriguezjimenez.es\/index.php?rest_route=\/wp\/v2\/pages\/2\/revisions"}],"predecessor-version":[{"id":9,"href":"https:\/\/dariorodriguezjimenez.es\/index.php?rest_route=\/wp\/v2\/pages\/2\/revisions\/9"}],"wp:attachment":[{"href":"https:\/\/dariorodriguezjimenez.es\/index.php?rest_route=%2Fwp%2Fv2%2Fmedia&parent=2"}],"curies":[{"name":"wp","href":"https:\/\/api.w.org\/{rel}","templated":true}]}}